{"id":1052,"date":"2025-05-22T22:59:26","date_gmt":"2025-05-22T20:59:26","guid":{"rendered":"https:\/\/innovaartconceptstore.com\/?page_id=1052"},"modified":"2026-04-09T09:53:26","modified_gmt":"2026-04-09T07:53:26","slug":"isabelle-carbuccia","status":"publish","type":"page","link":"https:\/\/galerieresidenza.com\/index.php\/isabelle-carbuccia\/","title":{"rendered":"Isabelle Carbuccia"},"content":{"rendered":"\n<div class=\"wp-block-columns is-layout-flex wp-container-core-columns-is-layout-28f84493 wp-block-columns-is-layout-flex\">\n<div class=\"wp-block-column is-layout-flow wp-block-column-is-layout-flow\">\n<p style=\"font-size:16px\">Isabelle Carbuccia, artiste peintre corse autodidacte, propose des \u0153uvres m\u00ealant techniques mixtes, acrylique, r\u00e9sine, or liquide 24 carats, pastels et parfois pierres semi-pr\u00e9cieuses.<\/p>\n\n\n\n<p style=\"font-size:16px\">Ses cr\u00e9ations, souvent des portraits f\u00e9minins expressifs sur fonds abstraits, sont disponibles \u00e0 la vente en ligne.<\/p>\n\n\n\n<p style=\"font-size:16px\">Ses \u0153uvres sont expos\u00e9es dans plusieurs galeries en France et \u00e0 l&rsquo;international, notamment \u00e0 Paris, Bastia, Calvi, Cannes, Honfleur, Milan, Florence, Dakar et Manchester .<\/p>\n\n\n\n<p style=\"font-size:16px\">Sa pr\u00e9sence croissante sur des plateformes comme Artmajeur, Artsper et dans des galeries renomm\u00e9es t\u00e9moigne d&rsquo;une reconnaissance en d\u00e9veloppement dans le monde de l&rsquo;art contemporain.<\/p>\n\n\n\n<div style=\"height:50px\" aria-hidden=\"true\" class=\"wp-block-spacer\"><\/div>\n\n\n\n<div class=\"wp-block-buttons has-custom-font-size has-small-font-size is-content-justification-center is-layout-flex wp-container-core-buttons-is-layout-05197e79 wp-block-buttons-is-layout-flex\" style=\"margin-top:var(--wp--preset--spacing--30);margin-bottom:var(--wp--preset--spacing--30);padding-top:0;padding-bottom:0\">\n<div class=\"wp-block-button\"><a class=\"wp-block-button__link wp-element-button\" href=\"https:\/\/www.isabelle-carbuccia.fr\/\" style=\"border-style:none;border-width:0px;border-radius:7px;padding-top:var(--wp--preset--spacing--30);padding-right:var(--wp--preset--spacing--50);padding-bottom:var(--wp--preset--spacing--30);padding-left:var(--wp--preset--spacing--50)\" target=\"_blank\" rel=\"noreferrer noopener\">MORE<\/a><\/div>\n<\/div>\n<\/div>\n\n\n\n<div class=\"wp-block-column is-layout-flow wp-block-column-is-layout-flow\">\n<figure class=\"wp-block-image size-full\"><img fetchpriority=\"high\" decoding=\"async\" width=\"450\" height=\"641\" src=\"https:\/\/innovaartconceptstore.com\/wp-content\/uploads\/2025\/03\/IMG-20250313-WA0002.jpg\" alt=\"Isabelle Carbuccia\" class=\"wp-image-324\" srcset=\"https:\/\/galerieresidenza.com\/wp-content\/uploads\/2025\/03\/IMG-20250313-WA0002.jpg 450w, https:\/\/galerieresidenza.com\/wp-content\/uploads\/2025\/03\/IMG-20250313-WA0002-211x300.jpg 211w\" sizes=\"(max-width: 450px) 100vw, 450px\" \/><\/figure>\n<\/div>\n<\/div>\n\n\n\n<hr class=\"wp-block-separator has-alpha-channel-opacity is-style-default\" style=\"margin-top:var(--wp--preset--spacing--70);margin-bottom:var(--wp--preset--spacing--70)\"\/>\n\n\n<div class=\"woocommerce columns-4 \"><ul class=\"products columns-4\">\n<li class=\"product type-product post-1553 status-publish first instock product_cat-vase has-post-thumbnail shipping-taxable purchasable product-type-simple\">\n\t<a href=\"https:\/\/galerieresidenza.com\/index.php\/produit\/carbuccia-vase-a-toi\/\" class=\"woocommerce-LoopProduct-link woocommerce-loop-product__link\"><img decoding=\"async\" width=\"230\" height=\"350\" src=\"https:\/\/galerieresidenza.com\/wp-content\/uploads\/2025\/12\/a-toi-230x350.jpg\" class=\"attachment-woocommerce_thumbnail size-woocommerce_thumbnail\" alt=\"A toi\" srcset=\"https:\/\/galerieresidenza.com\/wp-content\/uploads\/2025\/12\/a-toi-230x350.jpg 230w, https:\/\/galerieresidenza.com\/wp-content\/uploads\/2025\/12\/a-toi-460x700.jpg 460w\" sizes=\"(max-width: 230px) 100vw, 230px\" \/><h2 class=\"woocommerce-loop-product__title\">A toi<\/h2>\n\t<span class=\"price\"><span class=\"woocommerce-Price-amount amount\"><bdi>1600,00&nbsp;<span class=\"woocommerce-Price-currencySymbol\">&euro;<\/span><\/bdi><\/span><\/span>\n<\/a><a href=\"\/index.php\/wp-json\/wp\/v2\/pages\/1052?add-to-cart=1553\" aria-describedby=\"woocommerce_loop_add_to_cart_link_describedby_1553\" data-quantity=\"1\" class=\"button product_type_simple add_to_cart_button ajax_add_to_cart\" data-product_id=\"1553\" data-product_sku=\"\" aria-label=\"Ajouter au panier\u00a0: &ldquo;A toi&rdquo;\" rel=\"nofollow\" data-success_message=\"\u00ab\u00a0A toi\u00a0\u00bb a \u00e9t\u00e9 ajout\u00e9 \u00e0 votre panier\" role=\"button\">Ajouter au panier<\/a>\t<span id=\"woocommerce_loop_add_to_cart_link_describedby_1553\" class=\"screen-reader-text\">\n\t\t\t<\/span>\n<\/li>\n<li class=\"product type-product post-930 status-publish instock product_cat-peinture has-post-thumbnail shipping-taxable purchasable product-type-simple\">\n\t<a href=\"https:\/\/galerieresidenza.com\/index.php\/produit\/carbuccia-croyance\/\" class=\"woocommerce-LoopProduct-link woocommerce-loop-product__link\"><img decoding=\"async\" width=\"230\" height=\"350\" src=\"https:\/\/galerieresidenza.com\/wp-content\/uploads\/2025\/05\/carbuccia-10-230x350.jpg\" class=\"attachment-woocommerce_thumbnail size-woocommerce_thumbnail\" alt=\"Croyance\" srcset=\"https:\/\/galerieresidenza.com\/wp-content\/uploads\/2025\/05\/carbuccia-10-230x350.jpg 230w, https:\/\/galerieresidenza.com\/wp-content\/uploads\/2025\/05\/carbuccia-10-460x700.jpg 460w\" sizes=\"(max-width: 230px) 100vw, 230px\" \/><h2 class=\"woocommerce-loop-product__title\">Croyance<\/h2>\n\t<span class=\"price\"><span class=\"woocommerce-Price-amount amount\"><bdi>3600,00&nbsp;<span class=\"woocommerce-Price-currencySymbol\">&euro;<\/span><\/bdi><\/span><\/span>\n<\/a><a href=\"\/index.php\/wp-json\/wp\/v2\/pages\/1052?add-to-cart=930\" aria-describedby=\"woocommerce_loop_add_to_cart_link_describedby_930\" data-quantity=\"1\" class=\"button product_type_simple add_to_cart_button ajax_add_to_cart\" data-product_id=\"930\" data-product_sku=\"\" aria-label=\"Ajouter au panier\u00a0: &ldquo;Croyance&rdquo;\" rel=\"nofollow\" data-success_message=\"\u00ab\u00a0Croyance\u00a0\u00bb a \u00e9t\u00e9 ajout\u00e9 \u00e0 votre panier\" role=\"button\">Ajouter au panier<\/a>\t<span id=\"woocommerce_loop_add_to_cart_link_describedby_930\" class=\"screen-reader-text\">\n\t\t\t<\/span>\n<\/li>\n<li class=\"product type-product post-669 status-publish instock product_cat-peinture has-post-thumbnail shipping-taxable purchasable product-type-simple\">\n\t<a href=\"https:\/\/galerieresidenza.com\/index.php\/produit\/isabelle-carbuccia-figurative\/\" class=\"woocommerce-LoopProduct-link woocommerce-loop-product__link\"><img loading=\"lazy\" decoding=\"async\" width=\"230\" height=\"350\" src=\"https:\/\/galerieresidenza.com\/wp-content\/uploads\/2025\/05\/carbuccia-20-230x350.jpg\" class=\"attachment-woocommerce_thumbnail size-woocommerce_thumbnail\" alt=\"Figurative\" srcset=\"https:\/\/galerieresidenza.com\/wp-content\/uploads\/2025\/05\/carbuccia-20-230x350.jpg 230w, https:\/\/galerieresidenza.com\/wp-content\/uploads\/2025\/05\/carbuccia-20-460x700.jpg 460w\" sizes=\"(max-width: 230px) 100vw, 230px\" \/><h2 class=\"woocommerce-loop-product__title\">Figurative<\/h2>\n\t<span class=\"price\"><span class=\"woocommerce-Price-amount amount\"><bdi>6800,00&nbsp;<span class=\"woocommerce-Price-currencySymbol\">&euro;<\/span><\/bdi><\/span><\/span>\n<\/a><a href=\"\/index.php\/wp-json\/wp\/v2\/pages\/1052?add-to-cart=669\" aria-describedby=\"woocommerce_loop_add_to_cart_link_describedby_669\" data-quantity=\"1\" class=\"button product_type_simple add_to_cart_button ajax_add_to_cart\" data-product_id=\"669\" data-product_sku=\"\" aria-label=\"Ajouter au panier\u00a0: &ldquo;Figurative&rdquo;\" rel=\"nofollow\" data-success_message=\"\u00ab\u00a0Figurative\u00a0\u00bb a \u00e9t\u00e9 ajout\u00e9 \u00e0 votre panier\" role=\"button\">Ajouter au panier<\/a>\t<span id=\"woocommerce_loop_add_to_cart_link_describedby_669\" class=\"screen-reader-text\">\n\t\t\t<\/span>\n<\/li>\n<li class=\"product type-product post-928 status-publish last instock product_cat-peinture has-post-thumbnail shipping-taxable purchasable product-type-simple\">\n\t<a href=\"https:\/\/galerieresidenza.com\/index.php\/produit\/carbuccia-les-palmes-du-bonheur\/\" class=\"woocommerce-LoopProduct-link woocommerce-loop-product__link\"><img loading=\"lazy\" decoding=\"async\" width=\"230\" height=\"350\" src=\"https:\/\/galerieresidenza.com\/wp-content\/uploads\/2025\/05\/carbuccia-11-230x350.jpg\" class=\"attachment-woocommerce_thumbnail size-woocommerce_thumbnail\" alt=\"Les palmes du bonheur\" srcset=\"https:\/\/galerieresidenza.com\/wp-content\/uploads\/2025\/05\/carbuccia-11-230x350.jpg 230w, https:\/\/galerieresidenza.com\/wp-content\/uploads\/2025\/05\/carbuccia-11-197x300.jpg 197w, https:\/\/galerieresidenza.com\/wp-content\/uploads\/2025\/05\/carbuccia-11-460x700.jpg 460w, https:\/\/galerieresidenza.com\/wp-content\/uploads\/2025\/05\/carbuccia-11.jpg 559w\" sizes=\"(max-width: 230px) 100vw, 230px\" \/><h2 class=\"woocommerce-loop-product__title\">Les palmes du bonheur<\/h2>\n\t<span class=\"price\"><span class=\"woocommerce-Price-amount amount\"><bdi>3000,00&nbsp;<span class=\"woocommerce-Price-currencySymbol\">&euro;<\/span><\/bdi><\/span><\/span>\n<\/a><a href=\"\/index.php\/wp-json\/wp\/v2\/pages\/1052?add-to-cart=928\" aria-describedby=\"woocommerce_loop_add_to_cart_link_describedby_928\" data-quantity=\"1\" class=\"button product_type_simple add_to_cart_button ajax_add_to_cart\" data-product_id=\"928\" data-product_sku=\"\" aria-label=\"Ajouter au panier\u00a0: &ldquo;Les palmes du bonheur&rdquo;\" rel=\"nofollow\" data-success_message=\"\u00ab\u00a0Les palmes du bonheur\u00a0\u00bb a \u00e9t\u00e9 ajout\u00e9 \u00e0 votre panier\" role=\"button\">Ajouter au panier<\/a>\t<span id=\"woocommerce_loop_add_to_cart_link_describedby_928\" class=\"screen-reader-text\">\n\t\t\t<\/span>\n<\/li>\n<li class=\"product type-product post-1551 status-publish first instock product_cat-sculpture has-post-thumbnail shipping-taxable purchasable product-type-simple\">\n\t<a href=\"https:\/\/galerieresidenza.com\/index.php\/produit\/carbuccia-mickey-arty\/\" class=\"woocommerce-LoopProduct-link woocommerce-loop-product__link\"><img loading=\"lazy\" decoding=\"async\" width=\"230\" height=\"350\" src=\"https:\/\/galerieresidenza.com\/wp-content\/uploads\/2025\/12\/mickey-arty-230x350.jpg\" class=\"attachment-woocommerce_thumbnail size-woocommerce_thumbnail\" alt=\"Mickey Arty #4\" srcset=\"https:\/\/galerieresidenza.com\/wp-content\/uploads\/2025\/12\/mickey-arty-230x350.jpg 230w, https:\/\/galerieresidenza.com\/wp-content\/uploads\/2025\/12\/mickey-arty-460x700.jpg 460w\" sizes=\"(max-width: 230px) 100vw, 230px\" \/><h2 class=\"woocommerce-loop-product__title\">Mickey Arty #4<\/h2>\n\t<span class=\"price\"><span class=\"woocommerce-Price-amount amount\"><bdi>1800,00&nbsp;<span class=\"woocommerce-Price-currencySymbol\">&euro;<\/span><\/bdi><\/span><\/span>\n<\/a><a href=\"\/index.php\/wp-json\/wp\/v2\/pages\/1052?add-to-cart=1551\" aria-describedby=\"woocommerce_loop_add_to_cart_link_describedby_1551\" data-quantity=\"1\" class=\"button product_type_simple add_to_cart_button ajax_add_to_cart\" data-product_id=\"1551\" data-product_sku=\"\" aria-label=\"Ajouter au panier\u00a0: &ldquo;Mickey Arty #4&rdquo;\" rel=\"nofollow\" data-success_message=\"\u00ab\u00a0Mickey Arty #4\u00a0\u00bb a \u00e9t\u00e9 ajout\u00e9 \u00e0 votre panier\" role=\"button\">Ajouter au panier<\/a>\t<span id=\"woocommerce_loop_add_to_cart_link_describedby_1551\" class=\"screen-reader-text\">\n\t\t\t<\/span>\n<\/li>\n<li class=\"product type-product post-1341 status-publish instock product_cat-peinture has-post-thumbnail featured shipping-taxable purchasable product-type-simple\">\n\t<a href=\"https:\/\/galerieresidenza.com\/index.php\/produit\/isabelle-carbuccia-nous-deux\/\" class=\"woocommerce-LoopProduct-link woocommerce-loop-product__link\"><img loading=\"lazy\" decoding=\"async\" width=\"230\" height=\"350\" src=\"https:\/\/galerieresidenza.com\/wp-content\/uploads\/2025\/11\/carbuccia-30-230x350.jpg\" class=\"attachment-woocommerce_thumbnail size-woocommerce_thumbnail\" alt=\"Nous deux\" srcset=\"https:\/\/galerieresidenza.com\/wp-content\/uploads\/2025\/11\/carbuccia-30-230x350.jpg 230w, https:\/\/galerieresidenza.com\/wp-content\/uploads\/2025\/11\/carbuccia-30-460x700.jpg 460w\" sizes=\"(max-width: 230px) 100vw, 230px\" \/><h2 class=\"woocommerce-loop-product__title\">Nous deux<\/h2>\n\t<span class=\"price\"><span class=\"woocommerce-Price-amount amount\"><bdi>9800,00&nbsp;<span class=\"woocommerce-Price-currencySymbol\">&euro;<\/span><\/bdi><\/span><\/span>\n<\/a><a href=\"\/index.php\/wp-json\/wp\/v2\/pages\/1052?add-to-cart=1341\" aria-describedby=\"woocommerce_loop_add_to_cart_link_describedby_1341\" data-quantity=\"1\" class=\"button product_type_simple add_to_cart_button ajax_add_to_cart\" data-product_id=\"1341\" data-product_sku=\"\" aria-label=\"Ajouter au panier\u00a0: &ldquo;Nous deux&rdquo;\" rel=\"nofollow\" data-success_message=\"\u00ab\u00a0Nous deux\u00a0\u00bb a \u00e9t\u00e9 ajout\u00e9 \u00e0 votre panier\" role=\"button\">Ajouter au panier<\/a>\t<span id=\"woocommerce_loop_add_to_cart_link_describedby_1341\" class=\"screen-reader-text\">\n\t\t\t<\/span>\n<\/li>\n<li class=\"product type-product post-1548 status-publish instock product_cat-design product_cat-peinture has-post-thumbnail shipping-taxable purchasable product-type-simple\">\n\t<a href=\"https:\/\/galerieresidenza.com\/index.php\/produit\/carbussica-skate-symboles\/\" class=\"woocommerce-LoopProduct-link woocommerce-loop-product__link\"><img loading=\"lazy\" decoding=\"async\" width=\"230\" height=\"350\" src=\"https:\/\/galerieresidenza.com\/wp-content\/uploads\/2025\/12\/skate-7-230x350.jpg\" class=\"attachment-woocommerce_thumbnail size-woocommerce_thumbnail\" alt=\"Skate N\u00b07 Symboles\" srcset=\"https:\/\/galerieresidenza.com\/wp-content\/uploads\/2025\/12\/skate-7-230x350.jpg 230w, https:\/\/galerieresidenza.com\/wp-content\/uploads\/2025\/12\/skate-7-460x700.jpg 460w\" sizes=\"(max-width: 230px) 100vw, 230px\" \/><h2 class=\"woocommerce-loop-product__title\">Skate N\u00b07 Symboles<\/h2>\n\t<span class=\"price\"><span class=\"woocommerce-Price-amount amount\"><bdi>1000,00&nbsp;<span class=\"woocommerce-Price-currencySymbol\">&euro;<\/span><\/bdi><\/span><\/span>\n<\/a><a href=\"\/index.php\/wp-json\/wp\/v2\/pages\/1052?add-to-cart=1548\" aria-describedby=\"woocommerce_loop_add_to_cart_link_describedby_1548\" data-quantity=\"1\" class=\"button product_type_simple add_to_cart_button ajax_add_to_cart\" data-product_id=\"1548\" data-product_sku=\"\" aria-label=\"Ajouter au panier\u00a0: &ldquo;Skate N\u00b07 Symboles&rdquo;\" rel=\"nofollow\" data-success_message=\"\u00ab\u00a0Skate N\u00b07 Symboles\u00a0\u00bb a \u00e9t\u00e9 ajout\u00e9 \u00e0 votre panier\" role=\"button\">Ajouter au panier<\/a>\t<span id=\"woocommerce_loop_add_to_cart_link_describedby_1548\" class=\"screen-reader-text\">\n\t\t\t<\/span>\n<\/li>\n<\/ul>\n<\/div>\n","protected":false},"excerpt":{"rendered":"<p>Isabelle Carbuccia, artiste peintre corse autodidacte, propose des \u0153uvres m\u00ealant techniques mixtes, acrylique, r\u00e9sine, or liquide 24 carats, pastels et parfois pierres semi-pr\u00e9cieuses. Ses cr\u00e9ations, souvent des portraits f\u00e9minins expressifs sur fonds abstraits, sont disponibles \u00e0 la vente en ligne. Ses \u0153uvres sont expos\u00e9es dans plusieurs galeries en France et [&hellip;]<\/p>\n","protected":false},"author":1,"featured_media":368,"parent":0,"menu_order":0,"comment_status":"closed","ping_status":"closed","template":"page-templates\/template-fullwidth.php","meta":{"footnotes":""},"class_list":["post-1052","page","type-page","status-publish","has-post-thumbnail","hentry"],"_links":{"self":[{"href":"https:\/\/galerieresidenza.com\/index.php\/wp-json\/wp\/v2\/pages\/1052","targetHints":{"allow":["GET"]}}],"collection":[{"href":"https:\/\/galerieresidenza.com\/index.php\/wp-json\/wp\/v2\/pages"}],"about":[{"href":"https:\/\/galerieresidenza.com\/index.php\/wp-json\/wp\/v2\/types\/page"}],"author":[{"embeddable":true,"href":"https:\/\/galerieresidenza.com\/index.php\/wp-json\/wp\/v2\/users\/1"}],"replies":[{"embeddable":true,"href":"https:\/\/galerieresidenza.com\/index.php\/wp-json\/wp\/v2\/comments?post=1052"}],"version-history":[{"count":11,"href":"https:\/\/galerieresidenza.com\/index.php\/wp-json\/wp\/v2\/pages\/1052\/revisions"}],"predecessor-version":[{"id":1556,"href":"https:\/\/galerieresidenza.com\/index.php\/wp-json\/wp\/v2\/pages\/1052\/revisions\/1556"}],"wp:featuredmedia":[{"embeddable":true,"href":"https:\/\/galerieresidenza.com\/index.php\/wp-json\/wp\/v2\/media\/368"}],"wp:attachment":[{"href":"https:\/\/galerieresidenza.com\/index.php\/wp-json\/wp\/v2\/media?parent=1052"}],"curies":[{"name":"wp","href":"https:\/\/api.w.org\/{rel}","templated":true}]}}