{"id":1319,"date":"2025-11-06T09:26:55","date_gmt":"2025-11-06T08:26:55","guid":{"rendered":"https:\/\/innovaartconceptstore.com\/?page_id=1319"},"modified":"2025-11-06T09:29:49","modified_gmt":"2025-11-06T08:29:49","slug":"mr-hope","status":"publish","type":"page","link":"https:\/\/galerieresidenza.com\/index.php\/mr-hope\/","title":{"rendered":"Mr HOPE"},"content":{"rendered":"\n<div class=\"wp-block-columns is-layout-flex wp-container-core-columns-is-layout-28f84493 wp-block-columns-is-layout-flex\">\n<div class=\"wp-block-column is-layout-flow wp-block-column-is-layout-flow\">\n<p style=\"font-size:16px\">Cet artiste fran\u00e7ais a fait de son mot f\u00e9tiche \u2014 \u00ab Hope \u00bb \u2014 son nom d\u2019artiste, son fil conducteur, et le motif r\u00e9current de toute son \u0153uvre. Il l\u2019inscrit en toutes lettres, tant\u00f4t en toile, tant\u00f4t en sculpture, parfois accompagn\u00e9 de son personnage ou incarn\u00e9e dans une typographie brute, h\u00e9rit\u00e9e du street-art \u2014 le tout avec une \u00e9nergie positive et un message simple : toujours croire.<br>Les \u0153uvres de Mr Hope s\u2019ancrent \u00e0 la crois\u00e9e du pop art urbain et de la sculpture contemporaine. Entre aplats de couleurs vives, figures embl\u00e9matiques \u2014 c\u0153urs, ours, silhouettes \u2013, et phrases affirm\u00e9es, il invite le spectateur \u00e0 replonger dans cet espace intime o\u00f9 r\u00e9v\u00e9lation et revendication se rejoignent.<br><em>\u00a0\u00bb Un besoin de partager et dire qu\u2019il faut toujours y croire. \u00ab\u00a0<\/em><\/p>\n\n\n\n<p><\/p>\n\n\n\n<div style=\"height:50px\" aria-hidden=\"true\" class=\"wp-block-spacer\"><\/div>\n<\/div>\n\n\n\n<div class=\"wp-block-column is-layout-flow wp-block-column-is-layout-flow\">\n<figure class=\"wp-block-image size-full\"><img fetchpriority=\"high\" decoding=\"async\" width=\"400\" height=\"400\" src=\"https:\/\/innovaartconceptstore.com\/wp-content\/uploads\/2025\/11\/Mr-Hope.jpg\" alt=\"\" class=\"wp-image-1320\" srcset=\"https:\/\/galerieresidenza.com\/wp-content\/uploads\/2025\/11\/Mr-Hope.jpg 400w, https:\/\/galerieresidenza.com\/wp-content\/uploads\/2025\/11\/Mr-Hope-300x300.jpg 300w, https:\/\/galerieresidenza.com\/wp-content\/uploads\/2025\/11\/Mr-Hope-150x150.jpg 150w, https:\/\/galerieresidenza.com\/wp-content\/uploads\/2025\/11\/Mr-Hope-160x160.jpg 160w\" sizes=\"(max-width: 400px) 100vw, 400px\" \/><\/figure>\n<\/div>\n<\/div>\n\n\n\n<p style=\"font-size:16px\">Repr\u00e9sent\u00e9 par plusieurs galeries en France, Mr Hope d\u00e9cline ses cr\u00e9ations sous forme de toiles, d\u2019objets sculpt\u00e9s, d\u2019installations urbaines et d\u2019\u00e9ditions limit\u00e9es.<br>Il appartient \u00e0 ce courant de l\u2019art contemporain qui se veut accessible, joyeux, et engag\u00e9 \u2014 un art qui ne s\u2019enferme pas dans l\u2019\u00e9litisme mais qui tend la main, propose un sourire, une promesse.<\/p>\n\n\n\n<hr class=\"wp-block-separator has-alpha-channel-opacity is-style-default\" style=\"margin-top:var(--wp--preset--spacing--70);margin-bottom:var(--wp--preset--spacing--70)\"\/>\n\n\n<div class=\"woocommerce columns-4 \"><ul class=\"products columns-4\">\n<li class=\"product type-product post-1307 status-publish first instock product_cat-sculpture product_cat-street-art has-post-thumbnail shipping-taxable purchasable product-type-simple\">\n\t<a href=\"https:\/\/galerieresidenza.com\/index.php\/produit\/hope-dog-hope\/\" class=\"woocommerce-LoopProduct-link woocommerce-loop-product__link\"><img decoding=\"async\" width=\"230\" height=\"350\" src=\"https:\/\/galerieresidenza.com\/wp-content\/uploads\/2025\/11\/1000099219-230x350.jpg\" class=\"attachment-woocommerce_thumbnail size-woocommerce_thumbnail\" alt=\"Hope Dog\" srcset=\"https:\/\/galerieresidenza.com\/wp-content\/uploads\/2025\/11\/1000099219-230x350.jpg 230w, https:\/\/galerieresidenza.com\/wp-content\/uploads\/2025\/11\/1000099219-460x700.jpg 460w\" sizes=\"(max-width: 230px) 100vw, 230px\" \/><h2 class=\"woocommerce-loop-product__title\">Hope Dog<\/h2>\n\t<span class=\"price\"><span class=\"woocommerce-Price-amount amount\"><bdi>75,00&nbsp;<span class=\"woocommerce-Price-currencySymbol\">&euro;<\/span><\/bdi><\/span><\/span>\n<\/a><a href=\"\/index.php\/wp-json\/wp\/v2\/pages\/1319?add-to-cart=1307\" aria-describedby=\"woocommerce_loop_add_to_cart_link_describedby_1307\" data-quantity=\"1\" class=\"button product_type_simple add_to_cart_button ajax_add_to_cart\" data-product_id=\"1307\" data-product_sku=\"\" aria-label=\"Ajouter au panier\u00a0: &ldquo;Hope Dog&rdquo;\" rel=\"nofollow\" data-success_message=\"\u00ab\u00a0Hope Dog\u00a0\u00bb a \u00e9t\u00e9 ajout\u00e9 \u00e0 votre panier\" role=\"button\">Ajouter au panier<\/a>\t<span id=\"woocommerce_loop_add_to_cart_link_describedby_1307\" class=\"screen-reader-text\">\n\t\t\t<\/span>\n<\/li>\n<li class=\"product type-product post-1315 status-publish instock product_cat-peinture has-post-thumbnail shipping-taxable purchasable product-type-simple\">\n\t<a href=\"https:\/\/galerieresidenza.com\/index.php\/produit\/hope-dans-la-couleur\/\" class=\"woocommerce-LoopProduct-link woocommerce-loop-product__link\"><img decoding=\"async\" width=\"230\" height=\"350\" src=\"https:\/\/galerieresidenza.com\/wp-content\/uploads\/2025\/11\/2350744_1_l-230x350.jpg\" class=\"attachment-woocommerce_thumbnail size-woocommerce_thumbnail\" alt=\"Mr.Hope dans la couleur\" srcset=\"https:\/\/galerieresidenza.com\/wp-content\/uploads\/2025\/11\/2350744_1_l-230x350.jpg 230w, https:\/\/galerieresidenza.com\/wp-content\/uploads\/2025\/11\/2350744_1_l-460x700.jpg 460w\" sizes=\"(max-width: 230px) 100vw, 230px\" \/><h2 class=\"woocommerce-loop-product__title\">Mr.Hope dans la couleur<\/h2>\n\t<span class=\"price\"><span class=\"woocommerce-Price-amount amount\"><bdi>200,00&nbsp;<span class=\"woocommerce-Price-currencySymbol\">&euro;<\/span><\/bdi><\/span><\/span>\n<\/a><a href=\"\/index.php\/wp-json\/wp\/v2\/pages\/1319?add-to-cart=1315\" aria-describedby=\"woocommerce_loop_add_to_cart_link_describedby_1315\" data-quantity=\"1\" class=\"button product_type_simple add_to_cart_button ajax_add_to_cart\" data-product_id=\"1315\" data-product_sku=\"\" aria-label=\"Ajouter au panier\u00a0: &ldquo;Mr.Hope dans la couleur&rdquo;\" rel=\"nofollow\" data-success_message=\"\u00ab\u00a0Mr.Hope dans la couleur\u00a0\u00bb a \u00e9t\u00e9 ajout\u00e9 \u00e0 votre panier\" role=\"button\">Ajouter au panier<\/a>\t<span id=\"woocommerce_loop_add_to_cart_link_describedby_1315\" class=\"screen-reader-text\">\n\t\t\t<\/span>\n<\/li>\n<li class=\"product type-product post-1309 status-publish instock product_cat-sculpture product_cat-street-art has-post-thumbnail shipping-taxable purchasable product-type-simple\">\n\t<a href=\"https:\/\/galerieresidenza.com\/index.php\/produit\/hope-ourson-color\/\" class=\"woocommerce-LoopProduct-link woocommerce-loop-product__link\"><img loading=\"lazy\" decoding=\"async\" width=\"230\" height=\"350\" src=\"https:\/\/galerieresidenza.com\/wp-content\/uploads\/2025\/11\/1000099216-230x350.jpg\" class=\"attachment-woocommerce_thumbnail size-woocommerce_thumbnail\" alt=\"Ourson Color\" srcset=\"https:\/\/galerieresidenza.com\/wp-content\/uploads\/2025\/11\/1000099216-230x350.jpg 230w, https:\/\/galerieresidenza.com\/wp-content\/uploads\/2025\/11\/1000099216-460x700.jpg 460w\" sizes=\"(max-width: 230px) 100vw, 230px\" \/><h2 class=\"woocommerce-loop-product__title\">Ourson Color<\/h2>\n\t<span class=\"price\"><span class=\"woocommerce-Price-amount amount\"><bdi>75,00&nbsp;<span class=\"woocommerce-Price-currencySymbol\">&euro;<\/span><\/bdi><\/span><\/span>\n<\/a><a href=\"\/index.php\/wp-json\/wp\/v2\/pages\/1319?add-to-cart=1309\" aria-describedby=\"woocommerce_loop_add_to_cart_link_describedby_1309\" data-quantity=\"1\" class=\"button product_type_simple add_to_cart_button ajax_add_to_cart\" data-product_id=\"1309\" data-product_sku=\"\" aria-label=\"Ajouter au panier\u00a0: &ldquo;Ourson Color&rdquo;\" rel=\"nofollow\" data-success_message=\"\u00ab\u00a0Ourson Color\u00a0\u00bb a \u00e9t\u00e9 ajout\u00e9 \u00e0 votre panier\" role=\"button\">Ajouter au panier<\/a>\t<span id=\"woocommerce_loop_add_to_cart_link_describedby_1309\" class=\"screen-reader-text\">\n\t\t\t<\/span>\n<\/li>\n<li class=\"product type-product post-1311 status-publish last instock product_cat-sculpture product_cat-street-art has-post-thumbnail featured shipping-taxable purchasable product-type-simple\">\n\t<a href=\"https:\/\/galerieresidenza.com\/index.php\/produit\/hope-star\/\" class=\"woocommerce-LoopProduct-link woocommerce-loop-product__link\"><img loading=\"lazy\" decoding=\"async\" width=\"230\" height=\"350\" src=\"https:\/\/galerieresidenza.com\/wp-content\/uploads\/2025\/11\/2327716_1_l-230x350.jpg\" class=\"attachment-woocommerce_thumbnail size-woocommerce_thumbnail\" alt=\"Star\" srcset=\"https:\/\/galerieresidenza.com\/wp-content\/uploads\/2025\/11\/2327716_1_l-230x350.jpg 230w, https:\/\/galerieresidenza.com\/wp-content\/uploads\/2025\/11\/2327716_1_l-460x700.jpg 460w\" sizes=\"(max-width: 230px) 100vw, 230px\" \/><h2 class=\"woocommerce-loop-product__title\">Star<\/h2>\n\t<span class=\"price\"><span class=\"woocommerce-Price-amount amount\"><bdi>120,00&nbsp;<span class=\"woocommerce-Price-currencySymbol\">&euro;<\/span><\/bdi><\/span><\/span>\n<\/a><a href=\"\/index.php\/wp-json\/wp\/v2\/pages\/1319?add-to-cart=1311\" aria-describedby=\"woocommerce_loop_add_to_cart_link_describedby_1311\" data-quantity=\"1\" class=\"button product_type_simple add_to_cart_button ajax_add_to_cart\" data-product_id=\"1311\" data-product_sku=\"\" aria-label=\"Ajouter au panier\u00a0: &ldquo;Star&rdquo;\" rel=\"nofollow\" data-success_message=\"\u00ab\u00a0Star\u00a0\u00bb a \u00e9t\u00e9 ajout\u00e9 \u00e0 votre panier\" role=\"button\">Ajouter au panier<\/a>\t<span id=\"woocommerce_loop_add_to_cart_link_describedby_1311\" class=\"screen-reader-text\">\n\t\t\t<\/span>\n<\/li>\n<\/ul>\n<\/div>\n","protected":false},"excerpt":{"rendered":"<p>Cet artiste fran\u00e7ais a fait de son mot f\u00e9tiche \u2014 \u00ab Hope \u00bb \u2014 son nom d\u2019artiste, son fil conducteur, et le motif r\u00e9current de toute son \u0153uvre. Il l\u2019inscrit en toutes lettres, tant\u00f4t en toile, tant\u00f4t en sculpture, parfois accompagn\u00e9 de son personnage ou incarn\u00e9e dans une typographie brute, [&hellip;]<\/p>\n","protected":false},"author":1,"featured_media":0,"parent":0,"menu_order":0,"comment_status":"closed","ping_status":"closed","template":"page-templates\/template-fullwidth.php","meta":{"footnotes":""},"class_list":["post-1319","page","type-page","status-publish","hentry"],"_links":{"self":[{"href":"https:\/\/galerieresidenza.com\/index.php\/wp-json\/wp\/v2\/pages\/1319","targetHints":{"allow":["GET"]}}],"collection":[{"href":"https:\/\/galerieresidenza.com\/index.php\/wp-json\/wp\/v2\/pages"}],"about":[{"href":"https:\/\/galerieresidenza.com\/index.php\/wp-json\/wp\/v2\/types\/page"}],"author":[{"embeddable":true,"href":"https:\/\/galerieresidenza.com\/index.php\/wp-json\/wp\/v2\/users\/1"}],"replies":[{"embeddable":true,"href":"https:\/\/galerieresidenza.com\/index.php\/wp-json\/wp\/v2\/comments?post=1319"}],"version-history":[{"count":2,"href":"https:\/\/galerieresidenza.com\/index.php\/wp-json\/wp\/v2\/pages\/1319\/revisions"}],"predecessor-version":[{"id":1323,"href":"https:\/\/galerieresidenza.com\/index.php\/wp-json\/wp\/v2\/pages\/1319\/revisions\/1323"}],"wp:attachment":[{"href":"https:\/\/galerieresidenza.com\/index.php\/wp-json\/wp\/v2\/media?parent=1319"}],"curies":[{"name":"wp","href":"https:\/\/api.w.org\/{rel}","templated":true}]}}