{"id":1168,"date":"2025-05-06T18:35:33","date_gmt":"2025-05-06T16:35:33","guid":{"rendered":"https:\/\/innovaartconceptstore.com\/?post_type=product&#038;p=1168"},"modified":"2025-11-20T20:04:23","modified_gmt":"2025-11-20T19:04:23","slug":"greek-olive-tree-marcus-cederberg","status":"publish","type":"product","link":"https:\/\/galerieresidenza.com\/index.php\/produit\/greek-olive-tree-marcus-cederberg\/","title":{"rendered":"Greek olive tree"},"content":{"rendered":"<p>Domin\u00e9e par une vaste \u00e9tendue de blanc immacul\u00e9, la composition est ponctu\u00e9e par une unique petite fen\u00eatre encadr\u00e9e de blanc, dont les volets bleus laissent deviner un int\u00e9rieur tranquille. Sous la fen\u00eatre, un olivier isol\u00e9 se dresse, son tronc \u00e9lanc\u00e9 et son feuillage luxuriant, mais modeste, cr\u00e9ant une ombre d\u00e9licate sur le mur. La juxtaposition d&rsquo;\u00e9l\u00e9ments naturels et artificiels est \u00e0 la fois frappante et harmonieuse, soulignant l&rsquo;\u00e9l\u00e9gance de la simplicit\u00e9.<\/p>\n<p>Photographie : C-print<\/p>\n<p>70 x 50 x 0.1 cm*S\u00e9rie limit\u00e9e &#8211; \u0152uvre sign\u00e9e<\/p>\n<p>Vendue avec certificat d&rsquo;authenticit\u00e9 de l&rsquo;artiste<\/p>\n<p>Photographie sur Papier fine art<\/p>\n<p>Non encadr\u00e9e<\/p>\n","protected":false},"excerpt":{"rendered":"<p>Photographie<\/p>\n","protected":false},"featured_media":1454,"template":"","meta":[],"product_brand":[46],"product_cat":[33],"product_tag":[],"class_list":{"0":"post-1168","1":"product","2":"type-product","3":"status-publish","4":"has-post-thumbnail","6":"product_brand-marcus-cederbergs","7":"product_cat-photo","9":"first","10":"instock","11":"shipping-taxable","12":"purchasable","13":"product-type-simple"},"_links":{"self":[{"href":"https:\/\/galerieresidenza.com\/index.php\/wp-json\/wp\/v2\/product\/1168","targetHints":{"allow":["GET"]}}],"collection":[{"href":"https:\/\/galerieresidenza.com\/index.php\/wp-json\/wp\/v2\/product"}],"about":[{"href":"https:\/\/galerieresidenza.com\/index.php\/wp-json\/wp\/v2\/types\/product"}],"wp:featuredmedia":[{"embeddable":true,"href":"https:\/\/galerieresidenza.com\/index.php\/wp-json\/wp\/v2\/media\/1454"}],"wp:attachment":[{"href":"https:\/\/galerieresidenza.com\/index.php\/wp-json\/wp\/v2\/media?parent=1168"}],"wp:term":[{"taxonomy":"product_brand","embeddable":true,"href":"https:\/\/galerieresidenza.com\/index.php\/wp-json\/wp\/v2\/product_brand?post=1168"},{"taxonomy":"product_cat","embeddable":true,"href":"https:\/\/galerieresidenza.com\/index.php\/wp-json\/wp\/v2\/product_cat?post=1168"},{"taxonomy":"product_tag","embeddable":true,"href":"https:\/\/galerieresidenza.com\/index.php\/wp-json\/wp\/v2\/product_tag?post=1168"}],"curies":[{"name":"wp","href":"https:\/\/api.w.org\/{rel}","templated":true}]}}