{"id":1170,"date":"2025-10-06T18:37:06","date_gmt":"2025-10-06T16:37:06","guid":{"rendered":"https:\/\/innovaartconceptstore.com\/?post_type=product&#038;p=1170"},"modified":"2026-03-02T19:20:05","modified_gmt":"2026-03-02T18:20:05","slug":"hotel-by-the-lake-cederberg","status":"publish","type":"product","link":"https:\/\/galerieresidenza.com\/index.php\/produit\/hotel-by-the-lake-cederberg\/","title":{"rendered":"Hotel by the lake"},"content":{"rendered":"<p>Une \u0153uvre sym\u00e9trique et color\u00e9e, o\u00f9 le regard descend jusqu&rsquo;\u00e0 la d\u00e9viation, l&rsquo;unique palmier en bas. Un sentiment m\u00e9diterran\u00e9en, l&rsquo;h\u00f4tel est situ\u00e9 au bord du magnifique lac de Garde, en Italie.<\/p>\n<p>Photographie :  C-print<\/p>\n<p>70 x 50 x 0.1 cm*S\u00e9rie limit\u00e9e &#8211; \u0152uvre sign\u00e9e<\/p>\n<p>Vendue avec certificat d&rsquo;authenticit\u00e9 de l&rsquo;artiste<\/p>\n<p>Photographie sur Papier fine art<\/p>\n<p>Non encadr\u00e9e<\/p>\n","protected":false},"excerpt":{"rendered":"<p>Photographie<\/p>\n","protected":false},"featured_media":1452,"template":"","meta":[],"product_brand":[46],"product_cat":[33],"product_tag":[],"class_list":{"0":"post-1170","1":"product","2":"type-product","3":"status-publish","4":"has-post-thumbnail","6":"product_brand-marcus-cederbergs","7":"product_cat-photo","9":"first","10":"instock","11":"featured","12":"shipping-taxable","13":"purchasable","14":"product-type-simple"},"_links":{"self":[{"href":"https:\/\/galerieresidenza.com\/index.php\/wp-json\/wp\/v2\/product\/1170","targetHints":{"allow":["GET"]}}],"collection":[{"href":"https:\/\/galerieresidenza.com\/index.php\/wp-json\/wp\/v2\/product"}],"about":[{"href":"https:\/\/galerieresidenza.com\/index.php\/wp-json\/wp\/v2\/types\/product"}],"wp:featuredmedia":[{"embeddable":true,"href":"https:\/\/galerieresidenza.com\/index.php\/wp-json\/wp\/v2\/media\/1452"}],"wp:attachment":[{"href":"https:\/\/galerieresidenza.com\/index.php\/wp-json\/wp\/v2\/media?parent=1170"}],"wp:term":[{"taxonomy":"product_brand","embeddable":true,"href":"https:\/\/galerieresidenza.com\/index.php\/wp-json\/wp\/v2\/product_brand?post=1170"},{"taxonomy":"product_cat","embeddable":true,"href":"https:\/\/galerieresidenza.com\/index.php\/wp-json\/wp\/v2\/product_cat?post=1170"},{"taxonomy":"product_tag","embeddable":true,"href":"https:\/\/galerieresidenza.com\/index.php\/wp-json\/wp\/v2\/product_tag?post=1170"}],"curies":[{"name":"wp","href":"https:\/\/api.w.org\/{rel}","templated":true}]}}