{"id":1249,"date":"2025-03-22T15:26:35","date_gmt":"2025-03-22T14:26:35","guid":{"rendered":"https:\/\/innovaartconceptstore.com\/?post_type=product&#038;p=1249"},"modified":"2025-11-10T20:00:37","modified_gmt":"2025-11-10T19:00:37","slug":"target-6-hugo-w2cj","status":"publish","type":"product","link":"https:\/\/galerieresidenza.com\/index.php\/produit\/target-6-hugo-w2cj\/","title":{"rendered":"Target N*6"},"content":{"rendered":"<p>S\u00e9rie \u00ab Target \u00bb N*6<\/p>\n<p>&#8211; Cible de tir papier customis\u00e9e<br \/>\n&#8211; \u0152uvre unique peintes \u00e0 la main a\u00e9rosol et acrylique<br \/>\n&#8211; Encadr\u00e9<br \/>\n&#8211; H 30 x L 40cm<br \/>\n&#8211; 2025<\/p>\n","protected":false},"excerpt":{"rendered":"<p>Skate \u00ab STELESANG \u00bb N*28<\/p>\n","protected":false},"featured_media":1250,"template":"","meta":[],"product_brand":[48],"product_cat":[31,34],"product_tag":[],"class_list":{"0":"post-1249","1":"product","2":"type-product","3":"status-publish","4":"has-post-thumbnail","6":"product_brand-hugo-w2cj","7":"product_cat-sculpture","8":"product_cat-street-art","10":"first","11":"instock","12":"shipping-taxable","13":"purchasable","14":"product-type-simple"},"_links":{"self":[{"href":"https:\/\/galerieresidenza.com\/index.php\/wp-json\/wp\/v2\/product\/1249","targetHints":{"allow":["GET"]}}],"collection":[{"href":"https:\/\/galerieresidenza.com\/index.php\/wp-json\/wp\/v2\/product"}],"about":[{"href":"https:\/\/galerieresidenza.com\/index.php\/wp-json\/wp\/v2\/types\/product"}],"wp:featuredmedia":[{"embeddable":true,"href":"https:\/\/galerieresidenza.com\/index.php\/wp-json\/wp\/v2\/media\/1250"}],"wp:attachment":[{"href":"https:\/\/galerieresidenza.com\/index.php\/wp-json\/wp\/v2\/media?parent=1249"}],"wp:term":[{"taxonomy":"product_brand","embeddable":true,"href":"https:\/\/galerieresidenza.com\/index.php\/wp-json\/wp\/v2\/product_brand?post=1249"},{"taxonomy":"product_cat","embeddable":true,"href":"https:\/\/galerieresidenza.com\/index.php\/wp-json\/wp\/v2\/product_cat?post=1249"},{"taxonomy":"product_tag","embeddable":true,"href":"https:\/\/galerieresidenza.com\/index.php\/wp-json\/wp\/v2\/product_tag?post=1249"}],"curies":[{"name":"wp","href":"https:\/\/api.w.org\/{rel}","templated":true}]}}