{"id":1297,"date":"2025-04-03T19:15:04","date_gmt":"2025-04-03T17:15:04","guid":{"rendered":"https:\/\/innovaartconceptstore.com\/?post_type=product&#038;p=1297"},"modified":"2025-11-10T19:59:09","modified_gmt":"2025-11-10T18:59:09","slug":"danseur-de-l-ombre-mesnager","status":"publish","type":"product","link":"https:\/\/galerieresidenza.com\/index.php\/produit\/danseur-de-l-ombre-mesnager\/","title":{"rendered":"Danseur de l\u2019ombre"},"content":{"rendered":"<h3><em>Un danseur suspendu entre terre et ciel<\/em><\/h3>\n<p>Technique : Acrylique sur toile<br \/>\nDimensions : 33 \u00d7 24 cm<br \/>\nSignature : en bas \u00e0 gauche \u2013 M\u00e9nager 24<\/p>\n<p>Sur un fond vert profond, habit\u00e9 de silhouettes v\u00e9g\u00e9tales et de lumi\u00e8res diffuses, un personnage blanc, sch\u00e9matique, semble s\u2019\u00e9lancer dans une danse primitive. \u00c9quilibre, \u00e9lan et l\u00e9g\u00e8ret\u00e9 s\u2019unissent dans ce corps en mouvement, fid\u00e8le \u00e0 la grammaire po\u00e9tique de J\u00e9r\u00f4me M\u00e9nager.<br \/>\nSon trait vif, \u00e0 la fronti\u00e8re entre le geste et le souffle, incarne la libert\u00e9 de l\u2019instant \u2014 cette respiration de l\u2019\u00e2me que l\u2019artiste saisit avec une humanit\u00e9 d\u00e9sarmante.<\/p>\n","protected":false},"excerpt":{"rendered":"<p>Peinture acrylique<\/p>\n","protected":false},"featured_media":1298,"template":"","meta":[],"product_brand":[50],"product_cat":[25],"product_tag":[],"class_list":{"0":"post-1297","1":"product","2":"type-product","3":"status-publish","4":"has-post-thumbnail","6":"product_brand-mesnager","7":"product_cat-peinture","9":"first","10":"instock","11":"shipping-taxable","12":"purchasable","13":"product-type-simple"},"_links":{"self":[{"href":"https:\/\/galerieresidenza.com\/index.php\/wp-json\/wp\/v2\/product\/1297","targetHints":{"allow":["GET"]}}],"collection":[{"href":"https:\/\/galerieresidenza.com\/index.php\/wp-json\/wp\/v2\/product"}],"about":[{"href":"https:\/\/galerieresidenza.com\/index.php\/wp-json\/wp\/v2\/types\/product"}],"wp:featuredmedia":[{"embeddable":true,"href":"https:\/\/galerieresidenza.com\/index.php\/wp-json\/wp\/v2\/media\/1298"}],"wp:attachment":[{"href":"https:\/\/galerieresidenza.com\/index.php\/wp-json\/wp\/v2\/media?parent=1297"}],"wp:term":[{"taxonomy":"product_brand","embeddable":true,"href":"https:\/\/galerieresidenza.com\/index.php\/wp-json\/wp\/v2\/product_brand?post=1297"},{"taxonomy":"product_cat","embeddable":true,"href":"https:\/\/galerieresidenza.com\/index.php\/wp-json\/wp\/v2\/product_cat?post=1297"},{"taxonomy":"product_tag","embeddable":true,"href":"https:\/\/galerieresidenza.com\/index.php\/wp-json\/wp\/v2\/product_tag?post=1297"}],"curies":[{"name":"wp","href":"https:\/\/api.w.org\/{rel}","templated":true}]}}