{"id":1492,"date":"2025-07-25T14:44:32","date_gmt":"2025-07-25T12:44:32","guid":{"rendered":"https:\/\/innovaartconceptstore.com\/?post_type=product&#038;p=1492"},"modified":"2025-11-25T15:17:34","modified_gmt":"2025-11-25T14:17:34","slug":"bamba-xyrion-polaris","status":"publish","type":"product","link":"https:\/\/galerieresidenza.com\/index.php\/produit\/bamba-xyrion-polaris\/","title":{"rendered":"Xyrion polaris"},"content":{"rendered":"<p>Technique : ACRYLIQUE<br \/>\nSupport : TOILE<br \/>\nFormat : 20 X 20 cm<\/p>\n<p>\u0152uvre originale<br \/>\nCertificat d&rsquo;authenticit\u00e9 fourni.<\/p>\n<p>Bamba, le serpent punk cosmique.<br \/>\nBamba n&rsquo;est pas juste une \u0153uvre.<br \/>\nC&rsquo;est une pr\u00e9sence, un \u00e9clat venu d&rsquo;ailleurs.<\/p>\n<p>Car chaque Bamba est unique.<br \/>\nChaque \u00eatre humain a son Bamba.<\/p>\n<p>Parfois c&rsquo;est lui qui vous choisit, parfois c&rsquo;est vous qui le reconnaissez.<br \/>\nPartout o\u00f9 il passe, il rappelle que l&rsquo;art peut prot\u00e9ger, que la tendresse est une force, et que l&rsquo;amour c&rsquo;est du courage.<br \/>\nBamba c&rsquo;est une vibration. et si vous la reconnaissez&#8230; C&rsquo;est qu&rsquo;il est d\u00e9j\u00e0 en vous.<\/p>\n","protected":false},"excerpt":{"rendered":"<p>Technique : ACRYLIQUE Support : TOILE Format : 20 X 20 cm \u0152uvre originale Certificat d&rsquo;authenticit\u00e9 fourni. Bamba, le serpent punk cosmique. Bamba n&rsquo;est pas juste une \u0153uvre. C&rsquo;est une pr\u00e9sence, un \u00e9clat venu d&rsquo;ailleurs. Car chaque Bamba est unique. Chaque \u00eatre humain a son Bamba. Parfois c&rsquo;est lui qui [&hellip;]<\/p>\n","protected":false},"featured_media":1495,"template":"","meta":[],"product_brand":[55],"product_cat":[25],"product_tag":[],"class_list":{"0":"post-1492","1":"product","2":"type-product","3":"status-publish","4":"has-post-thumbnail","6":"product_brand-bamba","7":"product_cat-peinture","9":"first","10":"instock","11":"shipping-taxable","12":"purchasable","13":"product-type-simple"},"_links":{"self":[{"href":"https:\/\/galerieresidenza.com\/index.php\/wp-json\/wp\/v2\/product\/1492","targetHints":{"allow":["GET"]}}],"collection":[{"href":"https:\/\/galerieresidenza.com\/index.php\/wp-json\/wp\/v2\/product"}],"about":[{"href":"https:\/\/galerieresidenza.com\/index.php\/wp-json\/wp\/v2\/types\/product"}],"wp:featuredmedia":[{"embeddable":true,"href":"https:\/\/galerieresidenza.com\/index.php\/wp-json\/wp\/v2\/media\/1495"}],"wp:attachment":[{"href":"https:\/\/galerieresidenza.com\/index.php\/wp-json\/wp\/v2\/media?parent=1492"}],"wp:term":[{"taxonomy":"product_brand","embeddable":true,"href":"https:\/\/galerieresidenza.com\/index.php\/wp-json\/wp\/v2\/product_brand?post=1492"},{"taxonomy":"product_cat","embeddable":true,"href":"https:\/\/galerieresidenza.com\/index.php\/wp-json\/wp\/v2\/product_cat?post=1492"},{"taxonomy":"product_tag","embeddable":true,"href":"https:\/\/galerieresidenza.com\/index.php\/wp-json\/wp\/v2\/product_tag?post=1492"}],"curies":[{"name":"wp","href":"https:\/\/api.w.org\/{rel}","templated":true}]}}