{"id":1534,"date":"2025-07-05T15:09:55","date_gmt":"2025-07-05T13:09:55","guid":{"rendered":"https:\/\/innovaartconceptstore.com\/?post_type=product&#038;p=1534"},"modified":"2025-12-05T15:11:32","modified_gmt":"2025-12-05T14:11:32","slug":"zroc-pacman","status":"publish","type":"product","link":"https:\/\/galerieresidenza.com\/index.php\/produit\/zroc-pacman\/","title":{"rendered":"Pac Man"},"content":{"rendered":"<p>Peinture sur T\u00d4LE CITRO\u00cbN TUBE HY 1960 <\/p>\n<p>\u0152uvre Unique.<\/p>\n<p>Certificat d\u2019authenticit\u00e9 fourni.<\/p>\n","protected":false},"excerpt":{"rendered":"<p>Peinture sur T\u00d4LE CITRO\u00cbN TUBE HY 1960 \u0152uvre Unique. Certificat d\u2019authenticit\u00e9 fourni.<\/p>\n","protected":false},"featured_media":1535,"template":"","meta":[],"product_brand":[58],"product_cat":[25,31],"product_tag":[],"class_list":{"0":"post-1534","1":"product","2":"type-product","3":"status-publish","4":"has-post-thumbnail","6":"product_brand-zroc","7":"product_cat-peinture","8":"product_cat-sculpture","10":"first","11":"instock","12":"shipping-taxable","13":"purchasable","14":"product-type-simple"},"_links":{"self":[{"href":"https:\/\/galerieresidenza.com\/index.php\/wp-json\/wp\/v2\/product\/1534","targetHints":{"allow":["GET"]}}],"collection":[{"href":"https:\/\/galerieresidenza.com\/index.php\/wp-json\/wp\/v2\/product"}],"about":[{"href":"https:\/\/galerieresidenza.com\/index.php\/wp-json\/wp\/v2\/types\/product"}],"wp:featuredmedia":[{"embeddable":true,"href":"https:\/\/galerieresidenza.com\/index.php\/wp-json\/wp\/v2\/media\/1535"}],"wp:attachment":[{"href":"https:\/\/galerieresidenza.com\/index.php\/wp-json\/wp\/v2\/media?parent=1534"}],"wp:term":[{"taxonomy":"product_brand","embeddable":true,"href":"https:\/\/galerieresidenza.com\/index.php\/wp-json\/wp\/v2\/product_brand?post=1534"},{"taxonomy":"product_cat","embeddable":true,"href":"https:\/\/galerieresidenza.com\/index.php\/wp-json\/wp\/v2\/product_cat?post=1534"},{"taxonomy":"product_tag","embeddable":true,"href":"https:\/\/galerieresidenza.com\/index.php\/wp-json\/wp\/v2\/product_tag?post=1534"}],"curies":[{"name":"wp","href":"https:\/\/api.w.org\/{rel}","templated":true}]}}